 multiple of 10?
True
Is 158 a factor of 1276668?
False
Does 565 divide 17656815?
True
Does 1646 divide 10468765?
False
Does 15 divide 1963217?
False
Is 215124 a multiple of 52?
True
Is 59 a factor of 48970?
True
Does 64 divide 6176608?
False
Is 242910 a multiple of 44?
False
Does 269 divide 3574472?
True
Does 16 divide 21681?
False
Is 40 a factor of 143436?
False
Is 257117 a multiple of 161?
True
Does 1354 divide 2154214?
True
Is 34 a factor of 241167?
False
Does 155 divide 2651120?
True
Is 51 a factor of 2578356?
True
Is 38 a factor of 5088276?
True
Is 941 a factor of 15098545?
False
Does 810 divide 22113810?
True
Does 78 divide 98945?
False
Is 243540 a multiple of 20?
True
Does 164 divide 122440?
False
Does 218 divide 11331?
False
Is 173899 a multiple of 337?
False
Is 173607 a multiple of 2?
False
Does 56 divide 24472?
True
Is 212 a factor of 23427272?
True
Is 931076 a multiple of 47?
False
Is 191829 a multiple of 39?
False
Does 47 divide 52922?
True
Is 789 a factor of 95469?
True
Does 15 divide 1367026?
False
Is 1726867 a multiple of 8?
False
Does 30 divide 102240?
True
Is 179 a factor of 321641?
False
Is 245 a factor of 145530?
True
Is 34 a factor of 35814?
False
Does 36 divide 149816?
False
Is 1743705 a multiple of 9?
True
Is 1919 a multiple of 101?
True
Is 23562 a multiple of 7?
True
Is 198 a factor of 220176?
True
Is 211 a factor of 2862056?
False
Is 583 a factor of 295581?
True
Does 277 divide 68142?
True
Is 36 a factor of 188568?
True
Does 1510 divide 9491484?
False
Does 35 divide 3743670?
True
Does 18 divide 7206883?
False
Is 25 a factor of 218392?
False
Is 2540079 a multiple of 73?
False
Does 6 divide 655254?
True
Is 8 a factor of 77760?
True
Is 168969 a multiple of 151?
True
Does 145 divide 5635135?
True
Does 83 divide 27132401?
False
Does 31 divide 3547026?
False
Is 152766 a multiple of 27?
True
Does 3 divide 1083?
True
Is 153 a factor of 4687614?
True
Does 43 divide 1712088?
True
Is 9287119 a multiple of 83?
True
Does 544 divide 25656?
False
Is 28611 a multiple of 3?
True
Does 217 divide 522536?
True
Is 261 a factor of 226809?
True
Is 97723 a multiple of 79?
True
Does 7 divide 82574?
False
Is 107 a factor of 2886218?
True
Is 2004464 a multiple of 112?
True
Is 1207 a factor of 57716?
False
Does 974 divide 6072890?
True
Is 474912 a multiple of 68?
True
Does 372 divide 244404?
True
Does 15 divide 14066775?
True
Is 169752 a multiple of 643?
True
Is 274088 a multiple of 4?
True
Does 6 divide 12883595?
False
Does 10 divide 30921086?
False
Is 181250 a multiple of 58?
True
Is 53598 a multiple of 6?
True
Is 2 a factor of 48894?
True
Is 97 a factor of 530027?
False
Is 66990 a multiple of 11?
True
Is 26 a factor of 305915?
False
Is 250 a factor of 543250?
True
Is 97 a factor of 773056?
False
Does 585 divide 356239?
False
Does 44 divide 112068?
True
Does 1389 divide 8086611?
False
Is 15 a factor of 133425?
True
Is 194733 a multiple of 9?
True
Does 5 divide 11280272?
False
Is 18 a factor of 2168244?
True
Does 225 divide 1157796?
False
Does 5 divide 285770?
True
Does 55 divide 891770?
True
Is 148475 a multiple of 3?
False
Is 164 a factor of 95946?
False
Is 72696 a multiple of 8?
True
Is 50 a factor of 1340250?
True
Does 938 divide 6509882?
False
Is 9 a factor of 181593?
True
Does 120 divide 2294640?
True
Does 18 divide 49962?
False
Does 20 divide 177699?
False
Is 14 a factor of 37728?
False
Is 90 a factor of 611964?
False
Does 8 divide 49228?
False
Is 10 a factor of 2630?
True
Does 6 divide 662239?
False
Is 179035 a multiple of 18?
False
Does 313 divide 4535440?
False
Is 30 a factor of 7467?
False
Is 6892840 a multiple of 20?
True
Is 1137840 a multiple of 16?
True
Is 13 a factor of 65923?
True
Is 27 a factor of 1334205?
True
Does 13 divide 5320848?
True
Is 69 a factor of 322543?
False
Is 89 a factor of 32930?
True
Does 12 divide 264109?
False
Does 427 divide 2645692?
True
Is 244 a factor of 259128?
True
Does 13 divide 154645?
False
Does 102 divide 2416074?
True
Is 2655 a factor of 21466118?
False
Does 161 divide 9940623?
True
Is 101068 a multiple of 17?
False
Is 22676374 a multiple of 711?
False
Does 871 divide 1349137?
False
Is 2529687 a multiple of 437?
False
Does 33 divide 287580?
False
Is 10 a factor of 2582600?
True
Does 96 divide 1917408?
True
Is 376 a factor of 270808?
False
Is 798 a factor of 272916?
True
Is 49 a factor of 32317?
False
Does 8 divide 202416?
True
Is 35 a factor of 94785?
False
Is 62126 a multiple of 5?
False
Is 172 a factor of 288272?
True
Does 92 divide 478023?
False
Is 577 a factor of 1956030?
True
Is 41 a factor of 246205?
True
Is 113412 a multiple of 3?
True
Does 375 divide 250914?
False
Is 168 a factor of 1129427?
False
Is 4575742 a multiple of 124?
False
Is 37844 a multiple of 4?
True
Is 18 a factor of 98406?
True
Is 83868 a multiple of 4?
True
Does 12 divide 3562648?
False
Does 11 divide 121143?
True
Is 2119572 a multiple of 28?
True
Is 200648 a multiple of 7?
True
Is 423 a factor of 4771863?
True
Does 8 divide 55916?
False
Does 7 divide 662550?
True
Does 319 divide 2158673?
True
Is 8 a factor of 3262960?
True
Does 36 divide 786816?
True
Does 17 divide 3916618?
False
Does 9 divide 9556731?
True
Does 59 divide 1542791?
True
Does 94 divide 4797102?
True
Is 33396 a multiple of 23?
True
Is 17 a factor of 88213?
True
Does 106 divide 16792165?
False
Is 52 a factor of 237640?
True
Is 4156790 a multiple of 310?
True
Does 479 divide 598475?
False
Is 453799 a multiple of 399?
False
Is 26 a factor of 3556436?
True
Is 628509 a multiple of 7?
True
Is 184 a factor of 23638296?
True
Is 40 a factor of 98265?
False
Is 276 a factor of 71208?
True
Is 992557 a multiple of 51?
False
Is 3355355 a multiple of 895?
True
Does 34 divide 90270?
True
Is 275682 a multiple of 3?
True
Is 2136082 a multiple of 55?
False
Is 98 a factor of 3354935?
False
Is 30107 a multiple of 7?
True
Does 7 divide 377265?
True
Does 165 divide 17727435?
True
Does 24 divide 109032?
True
Does 11 divide 89760?
True
Does 57 divide 167202?
False
Is 179 a factor of 21847?
False
Does 18 divide 131922?
True
Is 134441 a multiple of 488?
False
Is 1203404 a multiple of 82?
False
Does 590 divide 1810985?
False
Is 60020 a multiple of 8?
False
Is 1298808 a multiple of 36?
True
Is 82250 a multiple of 470?
True
Does 56 divide 276640?
True
Is 144 a factor of 18573467?
False
Is 33198968 a multiple of 58?
True
Is 252588 a multiple of 291?
True
Is 21 a factor of 1507716?
True
Does 33 divide 2698867?
False
Is 51 a factor of 75679?
False
Is 18 a factor of 5717754?
True
Is 193 a factor of 1275498?
False
Is 21 a factor of 1664418?
True
Does 24 divide 206756?
False
Is 18197499 a multiple of 12?
False
Is 6 a factor of 29250?
True
Is 16 a factor of 7104?
True
Is 3549380 a multiple of 6?
False
Is 14 a factor of 1098580?
True
Does 14 divide 121301?
False
Is 11 a factor of 37268?
True
Is 36860 a multiple of 10?
True
Is 182760 a multiple of 20?
True
Does 5 divide 398128?
False
Is 66 a factor of 198924?
True
Is 112 a factor of 48048?
True
Is 877 a factor of 14470571?
False
Does 8 divide 11619661?
False
Is 7656 a multiple of 58?
True
Does 455 divide 203840?
True
Does 14 divide 22728?
False
Is 308 a factor of 1134672?
True
Does 57 divide 103898?
False
Is 11 a factor of 343420?
True
Is 10 a factor of 8505254?
False
Is 62 a factor of 24804092?
True
Is 8 a factor of 9755877?
False
Is 163481 a multiple of 8?
False
Does 44 divide 324639?
False
Is 189216 a multiple of 675?
False
Does 23 divide 398353?
False
Is 2 a factor of 211859?
False
Is 124020 a multiple of 65?
True
Is 5 a factor of 14364987?
False
Is 55573 a multiple of 17?
True
Does 21 divide 1473003?
True
Is 23362986 a multiple of 69?
True
Does 93 divide 516694?
False
Is 57 a factor of 1079637?
True
Is 398 a factor of 116717?
False
Is 407435 a multiple of 245?
True
Is 5980439 a multiple of 193?
False
Is 13 a factor of 92603?
False
Does 10 divide 1925272?
False
Does 38 divide 8105543?
False
Does 12 divide 3917544?
True
Is 1300563 a multiple of 64?
False
Does 48 divide 46431?
False
Is 1518401 a multiple of 41?
False
Is 223300 a multiple of 220?
True
Does 184 divide 468637?
False
Is 59 a factor of 210276?
True
Is 11 a factor of 9680?
True
Is 396621 a multiple of 4?
False
Is 7208357 a multiple of 13?
True
Is 103212 a multiple of 564?
True
Does